Calculate the remainder when 24 is divided by o.
10
Let r(l) = l**2 + 4*l - 7. Let y = -2 + 2. Suppose 0*o + 4*o - 68 = y. Calculate the remainder when o is divided by r(-6).
2
Let l(f) = 3*f**3 - 2*f + 1. Let i be l(1). Let p(t) = 5*t - 1. Calculate the remainder when (-39)/((15/(-2))/5) is divided by p(i).
8
Suppose -m = -4*j, -2*m + 5*m + 5*j = 0. Suppose i + h - 12 = -h, 2*i - 2*h - 12 = m. Suppose 2*g - 8 - i = 0. Calculate the remainder when 14 is divided by g.
6
Suppose -4*t - 85 = -9*t - j, -4*t + 68 = -j. Calculate the remainder when 46 is divided by t.
12
Suppose -x + 164 = -4*r, -8*x - 3*r = -3*x - 797. Calculate the remainder when x is divided by 41.
37
Suppose -25 = -x - 2*z, z + 110 = 4*x - 26. What is the remainder when 96 is divided by x?
30
What is the remainder when ((-33)/(-9))/((-3)/(-18)) is divided by 6?
4
Let h = 54 - 21. Suppose -2*d = d + 3*j - h, 5*j = -d + 3. What is the remainder when 38 is divided by d?
12
Let g = -12 - -10. Let y(a) = 26*a - 1. What is the remainder when y(1) is divided by (-2)/(-1) + (-10)/g?
4
Let t(s) = -s + 17. Let y be t(13). Suppose -3*u - 27 = -y*v - 2*u, -18 = -4*v - 2*u. Suppose -33 = -2*b - 1. What is the remainder when b is divided by v?
4
Suppose -5*h - 460 = -2*m - 2*m, -460 = -4*m - 3*h. Calculate the remainder when m is divided by 59.
56
Let p(g) = -g + 17. Let w be p(0). Let i = w - 10. Calculate the remainder when 20 is divided by i.
6
Let w = 4 + 5. Suppose 0 = -5*b - 35 - 10. Let l = -4 - b. What is the remainder when w is divided by l?
4
What is the remainder when (-2436)/(-49) + 4/14 is divided by 13?
11
Let j = -10 + 27. What is the remainder when 1/(-3) - 291/(-9) is divided by j?
15
Let x be (-2)/8 - 73/(-4). Suppose r - 16 = -3*r. Suppose -i + x = a + 1, r*a = -i + 56. Calculate the remainder when 38 is divided by a.
12
Suppose 0 = -y - 4*y + 65. Suppose -5*a = -0*a - 15. Suppose u + 14 = a*u. What is the remainder when y is divided by u?
6
Suppose 3*f = 31 + 23. What is the remainder when 68 is divided by f?
14
Suppose 2*h + 4 = -0*h, 4*h + 15 = d. Calculate the remainder when d is divided by 4.
3
Suppose k - 22 = -5. What is the remainder when 2/7 - (-1374)/42 is divided by k?
16
Let d(u) = u**3 + 4*u**2 + 3*u - 4. Let h be d(-4). Let c be h/3*(-6)/(-4). What is the remainder when (1 + -3)/(c/164) is divided by 14?
13
Let c be 14/3 - (-14)/(-21). What is the remainder when (c/(-14))/(5/(-35)) is divided by 1?
0
Let c(s) = 10*s**2 + s - 2. Let w be c(-3). Suppose 7 = -2*l + 2*f + 29, f = -5*l + w. Calculate the remainder when l is divided by 9.
7
Suppose -4*b + 57 = -55. Let y be (-1 + 2)*(-4)/(-2). Calculate the remainder when b is divided by 32/y + (0 - 1).
13
Let o = -30 - -41. Calculate the remainder when 63 is divided by o.
8
Let y = -21 + 33. Calculate the remainder when y is divided by 2/8 - 81/(-12).
5
Let r(a) = -2*a**2 - 11*a - 2. What is the remainder when 20 is divided by r(-3)?
7
Suppose 0 = 3*t + t - 88. Suppose 2*i = 5*w - 420, -2*w - 58 = -2*i - 220. Calculate the remainder when w is divided by t.
20
Let u = -52 + 73. Calculate the remainder when 39 is divided by u.
18
Let h(x) = -x - 7. Let f(u) = u + 8. Suppose -2*a + 0*a - 8 = 0. Let k(m) = a*f(m) - 5*h(m). What is the remainder when 7 is divided by k(0)?
1
Let i(x) = -2*x**3 - 4*x**2 - 8*x - 10. What is the remainder when i(-4) is divided by 22?
20
Let h(d) = 6*d + 7. Calculate the remainder when h(7) is divided by 13 + -1 + 3 + -2.
10
Suppose -n = 3*n + 280. Let s = -74 + 36. Let w = s - n. What is the remainder when w is divided by 17?
15
Let t(m) = m**3 - 2*m**2 - 2*m - 5. Suppose -16 = -6*b + 2*b. Let z be t(b). Suppose 4*l - 17 = z. What is the remainder when l is divided by 5?
4
What is the remainder when 4 - ((3 - -1) + -72) is divided by 15?
12
Let j = 2 - -35. What is the remainder when 183 is divided by j?
35
Suppose 7*u + 3 = 8*u. Suppose u*a - 196 = 110. What is the remainder when a is divided by 26?
24
Let d(c) = c + 5. Let a be d(6). Let q = 64 + a. Suppose l + 0*l = -2*t + 39, -4*t + q = l. Calculate the remainder when 35 is divided by t.
17
Let q be (9/18)/(1/(-2)). Calculate the remainder when 41 is divided by q + (3 - 6) + 18.
13
Let i = 25 - 21. What is the remainder when 14 is divided by i?
2
Suppose -b = -5 - 134. Calculate the remainder when b is divided by 35.
34
Suppose -4*l + 90 = -4*x + 2*x, -3*x = 5*l - 140. What is the remainder when l is divided by 8?
1
Suppose 3*o - p - 3 - 1 = 0, -2*o = 4*p + 16. Let c be (-3 - o)*(-3 + 2). Let y(x) = x**2 + 4*x - 2. Calculate the remainder when y(c) is divided by 7.
5
Let c(n) = -n**2 - 9*n + 10. Let j be c(-7). Suppose -x = 2*x - j. What is the remainder when 13 is divided by x?
5
Suppose 4 = 5*p + 4*r - 15, -4*p + 4*r = -8. Let h = p - 1. Calculate the remainder when 21 is divided by (-6)/((-2)/8*h).
9
Suppose -2*b = -7*b + 110. Calculate the remainder when b is divided by 4/3*2*3.
6
Let c = -68 - -78. Calculate the remainder when (-2)/3*19*-3 is divided by c.
8
Let b = 34 - 4. Suppose 14 = 2*w - b. Calculate the remainder when 65 is divided by w.
21
Let c = 5 - 1. Suppose 0 = -0*a + c*a - 64. What is the remainder when 31 is divided by a?
15
Let g = -6 + 33. Let i(w) = -w**3 + 6*w**2 + 8*w. What is the remainder when g is divided by i(7)?
6
Suppose 9 - 39 = -5*t. Suppose -2*s - 1 + 17 = 0. Let u = s - t. What is the remainder when u is divided by 1?
0
Let v = -14 - -26. What is the remainder when 34 is divided by v?
10
Suppose 2*l - 5*l = -9. Let b(f) = -31*f**2 + 28*f**2 + f**3 + 0*f**3 + f. What is the remainder when 5 is divided by b(l)?
2
Let r be (-3720)/(-50) - 2/5. Let b = 127 - r. Calculate the remainder when b is divided by 28.
25
Suppose -6*r + 6 = -5*r. What is the remainder when 23 is divided by r?
5
Let y(b) = -b**3 + 8*b**2 - 7*b - 2. What is the remainder when y(5) is divided by 20?
18
Let j = 43 + -26. Let k = -6 + j. Suppose 129 = g + 2*g. Calculate the remainder when g is divided by k.
10
Let o be ((-1)/2)/((-2)/12). Suppose 3*w = -o*t + 141, -2*t + t - 2*w = -44. Calculate the remainder when t is divided by 17.
16
Let n = 23 + -2. What is the remainder when n is divided by 6?
3
Let m = -114 + 119. What is the remainder when 1/3 + 35/3 is divided by m?
2
Let f = 83 + -57. Calculate the remainder when f is divided by 7.
5
Let h(z) = -z**2 - 2*z + 1. Let n be h(3). What is the remainder when 32 is divided by 49/n*(-1 - 1)?
4
Let z = 327 + -220. Calculate the remainder when z is divided by 27.
26
Suppose -3*u = -u. Suppose 5*z = -4*c + 14, -9 = -5*z - u*c + c. Suppose 18 - z = 2*a. What is the remainder when a is divided by 5?
3
Let b(g) be the second derivative of g**4/6 - g**3/3 - g**2 - 3*g. Let n be b(-2). Let c = 13 + n. Calculate the remainder when c is divided by 8.
7
Let g(q) = 9*q + 4. Calculate the remainder when g(12) is divided by 23.
20
Let n = -41 - -100. Suppose u = -8 + 28. Calculate the remainder when n is divided by u.
19
Suppose 2*c + 5*f = -47, -4*f - 41 = 2*c - f. Let o = c - -18. What is the remainder when 2 is divided by o?
0
Let r = 17 + 29. Let w(u) = 2*u**2 + 6*u + 4. Calculate the remainder when r is divided by w(-4).
10
Suppose -2*o - n + 1 = -2, 3*o - 3*n - 18 = 0. What is the remainder when (4/(-5))/(2/(-10)) is divided by o?
1
Suppose -40 = 7*y - 9*y. Calculate the remainder when y is divided by 11.
9
Suppose 0 = 5*f - 123 - 37. What is the remainder when f is divided by 12?
8
Suppose 2*y - 5*v - 38 = -0*v, -y = -2*v - 17. Calculate the remainder when 17 is divided by y.
8
Let b be (-70)/(-5)*(-1)/2. Calculate the remainder when (-348)/b - 10/(-35) is divided by 13.
11
Let n = 26 - -5. Let r(z) = -2*z - 6. What is the remainder when n is divided by r(-7)?
7
Let k = -1 + 18. What is the remainder when k is divided by 4?
1
Suppose 63 = 3*u + 3*n, -2*n + 89 + 16 = 5*u. What is the remainder when u is divided by (-10)/(-1) - 2/1?
5
Let a = -15 + 37. Let p = -13 + a. Suppose 5*w - 20 = -0*w. What is the remainder when p is divided by w?
1
Let k = -17 - -7. Let j = k + 25. Calculate the remainder when j is divided by 4.
3
Let d be 2 - 63/(-3 + 6). Let w = d - -33. Calculate the remainder when w is divided by 5.
4
Let t = -4 - -6. Calculate the remainder when (4/(-2))/((-2)/25) is divided by